3 + 2/(-5). What is v(r)?
-7
Let x(r) = r**3 + 6*r**2 + 9. Let y be ((-4)/(-36)*-9)/((-2)/(-12)). Give x(y).
9
Suppose -6*j - 3 = -3*j. Let d(w) = 7*w + 5. Let v(b) = 7*b + 4. Let s(q) = -7*q + 40. Let l be s(5). Let t(g) = l*v(g) - 4*d(g). Calculate t(j).
-7
Let i(g) = g**3 - 9*g**2 + g + 3. Suppose 4*z + 5*k + 17 = 0, -2*k - 6 - 6 = -z. Suppose y + z*y = 3*r + 30, 5*y - 40 = -5*r. Give i(y).
12
Let k(j) = -j**2 - 9*j + 7*j - 4*j + 33 + 35 - 69. What is k(-3)?
8
Let u(m) be the first derivative of -m**4/4 - 11*m**3/3 - 13*m**2/2 - 8*m + 2. Let t be u(-10). Let c = 25 - t. Let d(n) = -n**3 + 4*n**2 - 3*n. Determine d(c).
0
Let c = -7 + 4. Let p(n) be the second derivative of -1/20*n**5 - n + 0 - 1/6*n**4 + 0*n**3 + 3/2*n**2. Calculate p(c).
12
Suppose 2*b + 2*t = 10, -4*t + 10 = 2*b - 0. Let a(s) = b - 9 + 2 - 2*s + 6. What is a(5)?
-6
Let y(u) = 10*u - 8*u + 3*u + 3. Let d be (0 - 1) + (-14 - -12). What is y(d)?
-12
Let y(j) = -68*j + 40. Let c(d) = -24*d + 13. Let s(g) = -14*c(g) + 5*y(g). Determine s(0).
18
Let j(y) = -3*y**3 + 27*y**2 + 30*y - 12. Let c(n) = -n**3 + 9*n**2 + 10*n - 4. Let o(x) = -7*c(x) + 2*j(x). What is o(10)?
4
Let u = -3 - -5. Suppose 2*i + 26 = 4*k, -u*k + 5*i = k - 2. Let f(c) = -c**2 + 11*c - 10. Give f(k).
8
Let l = 1 + 1. Let r(j) = 3*j - 2. Let w(p) = -2*p + 1. Let g(a) = -3*r(a) - 7*w(a). Determine g(l).
9
Let t(x) = -76 + x + 0*x + 77 - 6*x. Suppose 0 = -3*r, g + 2 = 2*g + r. Calculate t(g).
-9
Let a(m) = 8*m. Let j(r) = r. Let c(n) = 6*a(n) - 51*j(n). Let v be c(-2). Suppose 5*x = 2*x - v. Let t(u) = -u**2 - u. What is t(x)?
-2
Let m(c) = -c**3 + 7*c**2 + 4*c - 21. Let q be m(7). Let i(d) = 7*d + d + 0*d - q*d + 3. Give i(-3).
0
Let a(h) = 2*h**3 + 1 + 1 + 3*h**3 - 4*h**3 - 6*h**2. What is a(6)?
2
Let y(w) = -w**3 - 2*w**2 + w. Suppose 4*h - 1 - 11 = 0. Suppose 2*i = 3*t + 1, 0*t - h*i + 7 = t. Give y(t).
-2
Suppose 6*b + 4*j = b + 14, 0 = 4*b + 2*j - 10. Let w be (4/8)/((-1)/(-2)). Let s(z) = -w + 0 - b*z + 1. What is s(1)?
-2
Let n = 32 - 31. Let v = -8 + n. Let j(k) = k + 8. Determine j(v).
1
Let d(m) = 3*m + 13. Let g(i) = 3*i + 15. Let q(z) = -4*d(z) + 3*g(z). Calculate q(-9).
20
Suppose 0 = -g + 3*g - 4. Suppose -v = -a - 13, 5*v + 0*a - 62 = g*a. Let q(o) = -9 + 2*o - 7*o - o**2 + v. Calculate q(-6).
-3
Suppose -p + j + j = -17, -j = 0. Let s = p - 9. Let y(r) be the first derivative of r**3/3 - 5*r**2 + 10*r - 29. What is y(s)?
-6
Suppose -5*n = 4*x + 37, 13*x + 3*n = 18*x. Let t(s) = -s**3 - 2*s**2 - 3*s + 2. What is t(x)?
20
Let o(m) = -3 + 2 - m + 3*m**3 + m**3 - 1076*m**2 + 1083*m**2 - 5*m**3. Let q = 24 - 17. Give o(q).
-8
Let x(u) = u**2 - 4*u - 4. Suppose -2*f = -2*n - 2, -3*f = -f + 2*n - 14. Determine x(f).
-4
Let r(w) = 38*w - 14. Let o(h) = 82*h - 28. Let t(x) = 6*o(x) - 13*r(x). What is t(9)?
-4
Let a be -25 + 20 + 1 + 4. Let i(f) be the second derivative of a + 1/4*f**4 + 1/20*f**5 + 1/2*f**2 + 0*f**3 - 4*f. What is i(-3)?
1
Let f = -458 - -459. Let n(z) = -4*z**2 - z. What is n(f)?
-5
Let s be 3 - ((1 - 4) + 7). Let d(u) = 6*u**2 - 5*u - 4. Let h(n) = n**2 - n - 1. Let x(a) = s*d(a) + 3*h(a). Determine x(-1).
-4
Let o(m) be the third derivative of m**4/12 - 7*m**3/3 - 24*m**2. Give o(5).
-4
Let m = -1 + -38. Let v = -36 - m. Let c(a) = -a**v - 7*a**2 + 0 - 3*a + 1 + 3*a**2. Calculate c(-3).
1
Let n(i) = -8*i - 7. Let o = -867 - -872. Determine n(o).
-47
Let b(q) = 4*q + 1. Let s(t) = t**3 + 3*t**2 - 3*t. Let u be s(-4). Let f(p) = 59*p + 5 - 29*p - 29*p. Let z be f(u). What is b(z)?
5
Let x(p) = -p**3 + p**2 - p. Suppose 0 = -3*w - i + 20, w - 8 = -0*w - i. Let g(u) = -2*u + 6. Let k be g(1). Let s be k*(2 - w/4). Calculate x(s).
-6
Let d(h) = -5*h**2 - 46 - h**3 + 44 + 2*h + 2*h**3. Let f be d(5). Let q be 2/f + 120/32. Let s(m) = m**3 - 5*m**2 + 3*m + 2. What is s(q)?
-2
Let t(b) = 11 + 17*b**2 - b**3 - 16*b**2 - 6*b**2 - 5*b**2 + 11*b. Calculate t(-11).
11
Let g(r) = r**3 - 5*r**2 - 3*r - 10. Let z(d) = -d**3 - d**2 + 10*d - 2. Let b be z(-4). Calculate g(b).
8
Suppose 3*y + 18 = 4*z - 2*y, 4*y + 20 = 4*z. Let t(k) = k**2 - 8*k + 5. Determine t(z).
-2
Let i(b) = b**2 - b - 6. Let q(l) = l**3 - 8*l**2 - l - 18. Let f(k) = 5*k**3 - 33*k**2 - 3*k - 72. Let c(h) = 2*f(h) - 9*q(h). Let r be c(-6). Determine i(r).
-6
Let s(v) = v**3 + 10*v**2 + 12*v - 2. Suppose 3*q - 15*o + 37 = -17*o, 0 = -q - 5*o - 34. Determine s(q).
-29
Let x(g) = 3 - 3 + 7*g + 0 + 1. Suppose 2 = o - 42. Let f be 36/o - (-4)/22. Determine x(f).
8
Suppose -3*d - 8 - 7 = 0. Let v(n) = -11*n + 33*n + n**2 - 12*n - 4 - 7*n. Calculate v(d).
6
Let h be (-10)/(((-16)/6)/(-4)). Let o be ((-17)/2)/((-4)/(-8)). Let s = o - h. Let u(f) = -2*f + 2. Determine u(s).
6
Suppose 3*j = r - 2*r - 73, 3*j + 70 = 2*r. Let d = 18 + j. Let u(v) be the second derivative of -v**4/12 - 5*v**3/6 + v**2 - 4*v. Calculate u(d).
-4
Let l = 13 + -12. Let w be (-3)/l + -5 + 9. Let u(q) = 2*q - 3 + w + 0 + 1. What is u(3)?
5
Let r(w) = w**3 + 4*w**2 - 5. Let c = 440 + -444. What is r(c)?
-5
Let q be 6/8 - (-2)/8*73. Let d be 17*((-4)/2 - -1). Let i = q + d. Let u(a) = -4*a**2 - a. Calculate u(i).
-18
Let w(h) = -h**3 + h**2 - 7*h + 1. Let m be w(-4). Let t = 105 - m. Let j(c) = c**3 + 3*c**2 - 7*c - 5. What is j(t)?
7
Let v be (0*((-6)/(-12))/(-1))/(-2). Let k(a) = -a**3 + a + 19. Give k(v).
19
Let f(z) = -3*z + 23. Let l(g) = g - 8. Let d(o) = -4*f(o) - 11*l(o). Let n be 8*1/(-10)*180/24 - -6. Calculate d(n).
-4
Let p(i) be the first derivative of -5/2*i**2 + 0*i**3 - 1/15*i**5 + 0*i + 0*i**4 - 1/120*i**6 + 6. Let d(g) be the second derivative of p(g). Determine d(-4).
0
Suppose -5*v = 0, 11*x - 6 = 8*x - 4*v. Let t(r) = -2*r**2 + 2*r + 2. Calculate t(x).
-2
Suppose 0 = -0*x - 3*x - 12. Let c be (9 + x)*(2 + -1). Let h(o) = 0*o - c - 8*o + 6*o. Calculate h(-6).
7
Let y(o) = o + 8. Let a(d) = d**3 + 3*d**2 - 7*d - 6. Let n be a(-4). Suppose 3*r = -2*l - 25, -n*r + 8*r + 5 = l. Determine y(l).
3
Let h(o) be the third derivative of o**4/24 - 7*o**3/6 + 2*o**2. Let g be h(10). Suppose 3*n - j = -4, 0 = -n - 4*n - g*j - 30. Let d(i) = -3*i - 3. Give d(n).
6
Let k = 773 + -789. Let v(p) = -2*p**2 - 32*p + 4. What is v(k)?
4
Let p be -6 - -8 - (1 - (-2)/2). Suppose -5*i = -2*q - 25 - p, 5*i + 5*q - 25 = 0. Let d(y) = -y**2 + 3*y + 5. Determine d(i).
-5
Let p(d) = -2*d**3 - d**2 - d. Let g(z) = z**2 - 21*z + 22. Let w be g(1). Determine p(w).
-22
Let x be (22/33 + (-1)/(-3))*-1. Let j(u) be the second derivative of u**4/12 - u**3/6 - u**2/2 + u. What is j(x)?
1
Let o(a) = 3*a - 2. Let u be o(3). Let b = -3 + 6. Suppose -b*f + 12 = -u*f. Let s(r) = r**3 + 3*r**2 + 2*r. Calculate s(f).
-6
Let o(s) be the second derivative of s**4/12 - s**3/6 - s**2/2 + 2*s - 3. Give o(-2).
5
Let q(n) = -13*n**3 + 3*n**2 - 3*n + 1. Let a be q(1). Let s(x) = -x**2 - 11*x - 10. Calculate s(a).
-22
Let h(d) = 3*d**3 + 6*d**2 + 13*d - 4. Let z(g) = -7*g**3 - 11*g**2 - 28*g + 7. Let c(u) = 5*h(u) + 2*z(u). Give c(-7).
-20
Let z = -2 + 8. Let u(f) = -7 - 2*f**2 + 9*f - 4*f + 0*f + f**2. Determine u(z).
-13
Let u(z) be the third derivative of z**7/720 + z**6/180 - 7*z**5/10 + 3*z**2 + 7*z. Let g(a) be the third derivative of u(a). Calculate g(-4).
-24
Suppose 3*h - 5*l + 4*l + 26 = 0, 0 = -2*h - l - 9. Let c(d) be the second derivative of 7/6*d**3 - 1/20*d**5 - 1/2*d**4 + 7*d + 0 - d**2. Calculate c(h).
-2
Let n(m) be the third derivative of 0*m + 18*m**2 + 0*m**4 + 0 - 1/60*m**5 + m**3. Calculate n(0).
6
Let x be ((-48)/72)/(50/(-54) - -1). Let n(u) be the third derivative of -u**4/24 - u**3/2 - 3*u**2. Give n(x).
6
Let a(t) be the first derivative of -t**2/2 + 2*t + 4. Let b(v) = 3*v**2 - 10*v + 12. Let q be b(6). Suppose -2*h - q = 10*h. What is a(h)?
7
Let v(y) = y**3 - 2*y**2 - 4*y - 5. Suppose -3*f + 2*h = -f - 2, 4*f - 16 = -2*h. Suppose -24 = -5*t - 4*a, -8 + 0 = -f*t + 4*a. Give v(t).
11
Let k = 28 + -47. Let u = -29 - k. Let m(y) = y + 8. Let f be m(u). Let q(r) = -2*r. Give q(f).
4
Let f be (22*(-4)/(-528))/(2/72). Let s(q) be the second derivative of -q**3/6 - q. Let l(b) = -4*b - 6. Let d(p) = -l(p) + 5*s(p). Calculate d(f).
0
Let v(h) = 15*h**3 + 25*h**2 - 8*h - 42. Let f(u) = -7*u**3 - 12*u**2 + 4*u + 20. Let t(a) = -13*f(a) - 6*v(a). What is t(-6)?
16
Let q = -24 - -